culate 837 + -797 + (17 - 25).
32
Calculate -64 + (-121 - -198) + -68.
-55
What is the value of (228 - 12) + -229 + (-1 - (1 - 15))?
0
Evaluate -66 + -60 + (200 - 57).
17
What is the value of 189 - 192 - (-24 + 1)?
20
Evaluate (-192 + 152 - (1 + -26)) + 66.
51
Calculate 9 + -23 + 45 + -3 + 9 + -6 + 14.
45
Calculate -102 + -6 + 61 - 62.
-109
What is 17 - (69 + -19 + 11) - -3?
-41
What is (17 + -13 + 64 - 0) + (-7 - -5) + -7?
59
Calculate (3 - -2) + (9 - (5 + 36 + -11 + 4)).
-20
Calculate 12 - (41 + -30 + -56).
57
What is 1 + -68 + (-14 - (-25 - 12))?
-44
-17 - (21 - -24) - (12 + -48)
-26
What is (17 - 78) + 1 + -4?
-64
Evaluate (94 - 0) + (-2 - 7) + (43 - (1 + 36)).
91
What is the value of 41 + -4 - (11 - (10 + 0 + 11 + -13))?
34
1 - (17 + 31 - 75)
28
-6 - (31 + (-1 - 14) + 84)
-106
Calculate (-39 - 1) + (-1 + -136 - -85).
-92
Calculate 33 - 45 - (2 + 2 + (2 - 17)).
-1
Calculate -55 - (38 - (4 - -46)).
-43
Calculate 63 - 68 - (-1 - (-6 + (8 - 3))).
-5
What is the value of 73 + -4 + 11 + -12 + (22 - 23)?
67
Calculate (-19 - -8) + -9 + 1 - (-12 - -9).
-16
Calculate (1687 - 1709) + 6 + -3 + 24.
5
Evaluate 15 - ((22 + -11 - 22) + 17) - (-1 - 35).
45
Evaluate (44 - 2) + (176 - 240).
-22
Evaluate (25 + -2 + -8 - 12) + -16.
-13
What is (-5 - (-10 + 0)) + -46 + (-899 - -898)?
-42
Calculate -23 + (42 - (24 + -3)) + -88 - 18.
-108
What is 1 + -5 + 40 + 34?
70
What is the value of (-108 + 200 - 96) + 0 + 1 + 96?
93
Evaluate (0 - 3 - 5 - -8) + (3 - (-1 - 5)).
9
What is the value of 56 + -84 + (86 - 3 - 7)?
48
What is 9 + -29 - (-29 - -38 - 9)?
-20
What is the value of -3 + 6 - -6 - (-58 + -12 - (10 + -21))?
68
What is (121 - -37) + -68 + 10?
100
What is the value of (10 - -6) + -1 + -19 - (3 + -67)?
60
17 - (1 + -7 - -2) - 15
6
Evaluate (-1 - 32) + -1137 + 1196 + -127.
-101
What is the value of -32 + (-25 - (37 - 25)) - -12?
-57
What is 192 - (4 + 137) - 166?
-115
Calculate 207 - 161 - (42 + -14).
18
Calculate 53 - -1 - (-29 + (22 - 19) + 26).
54
Calculate 1 + -30 + 60 + 47 + -106 - -4.
-24
Calculate 0 + -24 + -271 + 294 + 14.
13
What is -1 - -3 - (11 + (-123 - -81))?
33
-6 + -57 - 15 - -98
20
4 - 11 - (-30 + 18 + 3) - -56
58
Calculate (-9 - (-10 - 4)) + (6 - -24).
35
Calculate -23 + (-6 - (-45 - 11)).
27
70 + -8 + -200 + 112
-26
-1 + (-30 - (-34 + -39))
42
Calculate 48 + -145 + 170 + 2 + -33.
42
Evaluate -31 + 48 + -26 + (-26 - -2).
-33
What is -74 + (180 - (3 - -77))?
26
What is 31 - 11 - (21 - -4 - 48)?
43
52 - (-90 - -52 - -57)
33
What is the value of -34 + (-47 - -46) + 36?
1
43 + 37 + -45 + 34
69
Calculate -72 + 19 - (-35 - 62).
44
What is the value of 13 - ((-11 - ((-8 - -17) + -35)) + -5) - 40?
-37
What is the value of -30 + 52 + (-3 + -4 + 0 - 75)?
-60
Evaluate 1245 - 1215 - (36 - 2).
-4
Evaluate 69 - ((19 - 34) + -11 + 5).
90
Evaluate (0 - 2) + -9 - (2405 + -2381).
-35
Evaluate 534 + -479 + (-101 - -3).
-43
What is -110 + 0 + (177 + -11 - 145)?
-89
What is the value of (-9 + 13 - (20 - 26)) + (-20 - 1)?
-11
Evaluate -42 - -78 - 123 - (6 + -10 - -13).
-96
Calculate 2 + -7 + -2 - (-11 + 34 - (302 - 237)).
35
What is the value of (-7 - 0) + 27 + 16 + 16 + -29?
23
Evaluate -3 - -21 - (41 + -16 - 45).
38
What is -83 + 85 + -100 - -80?
-18
Evaluate (1 - 1) + 9 - (113 - -34 - 148).
10
Calculate (-1 - ((-2 - 99) + 2)) + (146 - (270 + -126)).
100
Calculate 71 - (-40 - -112) - (-1 + -33).
33
What is the value of 5 - (-14 - (-6 + -14)) - (10 + -4 + 7)?
-14
Calculate 74 + (-35 + 24 + 0 + 15 - 11).
67
What is the value of 0 + -34 - (-1317 - -1338 - ((1 - -1) + 14))?
-39
What is the value of -4 + (-12 - -4 - -2) - -3?
-7
(-1 - -12) + -24 + 35 - 63
-41
-12 - (34 - (-37 - -34))
-49
2 - (-10 - (-14 + -33))
-35
(-28 - 1 - (-1857 + 1793)) + 4
39
4 - -6 - (-12 + -11 + -2 + 24)
11
What is 1496 + -1541 - (-109 - -1)?
63
-3 + -56 + 41 + -17
-35
What is the value of 1 + -6 - (107 - 422 - -332)?
-22
What is the value of -101 + 50 + -46 - -43?
-54
What is 0 + -8 - (0 + 7 - -3) - -10?
-8
19 + -2 - ((-7 - (10 - (6 + -9))) + 10)
27
Evaluate 12 + 48 + -25 + 12.
47
(-14 - -1) + 51 + -97 + 22
-37
What is (-3 - (6 - 32)) + (-6 + -11 - -12) + -8?
10
(-367 - (9 + -384)) + (2 - (2 - 12))
20
What is the value of 30 - (15 + -2 + -22)?
39
What is -39 - ((-19 - -8) + 6) - (5 - -3)?
-42
What is 57 + 10 + 210 + -316?
-39
Calculate (12 - 7) + (508 + -497 - (37 - 0 - 0)).
-21
What is the value of -54 + (-2 + -7 - -46) - -14?
-3
What is (-1 - -5) + (-61 - (25 + -2)) - (-7 + 2)?
-75
What is the value of (1 - -7) + 104 + -191?
-79
Calculate -5 + 9 + 108 + -32 + 14.
94
(-13 + -32 - -42) + (109 - 15)
91
Calculate -6 - 11 - ((100 - 25) + -44).
-48
Evaluate (6 + 12 + -18 - 13) + -9 + 2.
-20
(-93 - 9) + 42 - -50
-10
Calculate -36 - (-4 - ((-4 - 0) + -65 + 61)).
-40
Calculate (6 - 18) + (70 - 65 - -36) + 7 + 0.
36
Evaluate 1 + 0 + -34 - (186 + 107 + -281).
-45
Calculate -21 - (-23 + (58 - 87)).
31
What is (19 - (2 + -4)) + -23 + 189 + -176?
11
Evaluate -44 + -5 + -115 + 260 + -58.
38
What is the value of 0 + -14 + (-1 - (-15 - -25))?
-25
What is 97 + -21 + 47 + -78?
45
Calculate -92 + 192 + 36 + -106.
30
What is the value of 32 + (28 - (-35 + 5 - -48))?
42
What is 34 + -50 - (1 - -10) - (-4 + 15)?
-38
Evaluate 36 + 0 + (23 - (-6 - -17) - (-19 - -22)).
45
Evaluate (-4 - -2 - (-1 + -20)) + -70 + (196 - 113).
32
Evaluate 61 + -65 + -59 - -10.
-53
Evaluate 15 - (-17 + 24) - (3 + 51).
-46
Evaluate (-1 - (0 + 6)) + (-89 - -38) + 4.
-54
Calculate (169 - (-158 + 382)) + (3 - (0 - 11)).
-41
What is 35 + (-145 - (4 + -27)) - (-14 + -2)?
-71
What is the value of 28 + -15 + 21 - 14 - -13?
33
What is (-1 - -2) + 39 + (-5 + 18 - (0 - -23))?
30
Calculate (19 - ((-7 - -18) + -4)) + (13 - (2 - 0)).
23
2 + 10 + 10 - 5 - -14
31
Calculate (47 - (-38 - -89)) + 0 + 29 - 10.
15
What is the value of 101 - (60 + 27) - (-57 + 1)?
70
What is -2 + (1 - -21) + (-110 - -106) + -8?
8
What is (-3 - (11 - (19 - -2))) + 12?
19
Evaluate -27 + 20 + 17 + (5 - 34) + 76.
57
Calculate -33 + (-45 - (33 + -104)) - (-1 + -22 + 0).
16
-8807 - -8801 - (1 + -2 - 1 - (-2 - 4))
-10
Evaluate (3 - 2 - (-36 - -11)) + -12 + 14.
28
-3 - (-81 - -57 - -50)
-29
What is 26 - (10 + -9 + -3 - -10 - -9)?
9
Calculate (-92 - -133) + -40 - (50 + -3).
-46
Calculate 58 - (2 + (3 - 2) + -1 + 9).
47
-62 + (9 - (7 + -11 + 9)) - -5
-53
Calculate 37 - ((-1 - 0) + 1) - (-300 - 24 - -340).
21
-3 + 2 + 24 + -17 + 5
11
Calculate -1 + -7 + 1 + (216 - 218) + (-1 - -70).
60
What is the value of 8 + (0 + -6 + -77 - (3 + 1 + 1))?
-80
Evaluate -9 - (-2 - -5 - (8 + -16 - -19)).
-1
What is (67 - (-4 + -26) - 4) + 9?
102
What is the value of -24 + (-7 - 2) + (23 - (-5 - -4))?
-9
6 - 8 - (-18 - (-71 + -18 + (-17 - -2)))
-88
What is the value of -2 - (-24 + (9 - 4)) - (3 - (2 + -3))?
13
What is the value of -127 + (-26 - -158) - (-1 - -12)?
-6
What is 23 + -103 + 118 + 0 + 2?
40
Calculate (-108 - -1) + -363 + 459.
-11
Calculate (-11 - -55) + 37 + -5 + 8 + -13 + 1.
72
What is the value of -41 + 39 - (-12 + 2 - 6)?
14
What is the value of -1 + -1 - (-6 - -4 - (74 + -24 + 10))?
60
Evaluate -92 + 248 + -129 + 72.
99
Calculate -83 + -1 - (-20 - (7 + (-26 - (13 - 22)))).
-74
What is the value of -90 + -1 - (-722 + 555)?
76
Evaluate (-4 + (6 - 4 - 9 - -19) - -12) + -7.
13
1 + -3 - (-67 + 30 + 0) - -7
42
Evaluate -3881 - -3794 - (1 - 53).
-35
Calculate (-2948 - -2966) + (1 - 26).
-7
Evaluate (104 - -27) + -42 + -129.
-40
Calculate 16 + (-4 - -89 - 12) + -8 + (-6 - -5).
80
Calculate 57 + -10 + -9 + -37.
1
Calculate ((-12 - 3) + 10 - -9) + -20 + 23.
7
What is (0 - -30) + 18 + (-20 - (-33 - -32))?
29
-3 - 66 - (-4 - (-2 - -14))
-53
What is 2 + (-41 - -12 - -43)?
16
(-2 - -5) + 4 - (5 + 3)
-1
Calculate 6 - (-15 - (-7 + 17 - 24)).
7
Calculate -29 - (-28 - (-12 - -30)).
17
11552 - 11570 - (3 + -34 + 3)
10
11 + 3 - (4 + 53 + 11 + 8 - -7)
-69
What is the value of 15 + 101 + (-28 - 27)?
61
Calculate 0 + (-5 - -13) + -52 - ((-7 - -3) + 0).
-40
(0 - 1) + (0 - -4) - (15 + -94 + 46)
36
What is (-12 - -45) + -14 + -121 + -15?
-117
What is the value of 5 - (224 + -106 - 55)?
-58
Evaluate -88 + (-154 - -176) - -50.
-16
Evaluate 4 - (45 + ((5 - 15) + 30 - 15)).
-46
What is 22 + -21 + 2 - (2 + -11) - (-5 - 1)?
18
Evaluate (-4535 - -4559) + (-12 - -1).
13
Calculate -62 - (8 - 9) - -114.
53
What is (-553